{"id":2430,"date":"2021-12-15T20:16:23","date_gmt":"2021-12-15T20:16:23","guid":{"rendered":"http:\/\/www.cartoneraupi.com\/?page_id=2430"},"modified":"2022-12-15T17:50:50","modified_gmt":"2022-12-15T17:50:50","slug":"politica-de-devolucion","status":"publish","type":"page","link":"http:\/\/www.cartoneraupi.com\/?page_id=2430","title":{"rendered":"Politica de devolucion"},"content":{"rendered":"<div data-colibri-id=\"2430-c1\" class=\"style-891 style-local-2430-c1 position-relative\">\n  <!---->\n  <div data-colibri-component=\"section\" data-colibri-id=\"2430-c2\" id=\"blog\" class=\"h-section h-section-global-spacing d-flex align-items-lg-center align-items-md-center align-items-center style-898 style-local-2430-c2 position-relative\">\n    <!---->\n    <!---->\n    <div class=\"h-section-grid-container h-section-boxed-container\">\n      <div data-colibri-id=\"2430-c14\" class=\"h-row-container gutters-row-lg-2 gutters-row-md-2 gutters-row-2 gutters-row-v-lg-2 gutters-row-v-md-2 gutters-row-v-2 style-912 style-local-2430-c14 position-relative\">\n        <!---->\n        <div class=\"h-row justify-content-lg-center justify-content-md-center justify-content-center align-items-lg-stretch align-items-md-stretch align-items-stretch gutters-col-lg-2 gutters-col-md-2 gutters-col-2 gutters-col-v-lg-2 gutters-col-v-md-2 gutters-col-v-2\">\n          <!---->\n          <div class=\"h-column h-column-container d-flex h-col-lg-auto h-col-md-auto h-col-auto style-913-outer style-local-2430-c15-outer\">\n            <div data-colibri-id=\"2430-c15\" class=\"d-flex h-flex-basis h-column__inner h-px-lg-2 h-px-md-2 h-px-2 v-inner-lg-2 v-inner-md-2 v-inner-2 style-913 style-local-2430-c15 position-relative\">\n              <!---->\n              <!---->\n              <div class=\"w-100 h-y-container h-column__content h-column__v-align flex-basis-100 align-self-lg-start align-self-md-start align-self-start\">\n                <!---->\n                <div data-colibri-id=\"2430-c16\" class=\"h-global-transition-all h-heading style-914 style-local-2430-c16 position-relative h-element\">\n                  <!---->\n                  <div class=\"h-heading__outer style-914 style-local-2430-c16\">\n                    <!---->\n                    <!---->\n                    <h2 class=\"\">Pol\u00edticas de devolucion<\/h2>\n                  <\/div>\n                <\/div>\n              <\/div>\n            <\/div>\n          <\/div>\n        <\/div>\n      <\/div>\n      <div data-colibri-id=\"2430-c3\" class=\"h-row-container gutters-row-lg-0 gutters-row-md-0 gutters-row-0 gutters-row-v-lg-0 gutters-row-v-md-0 gutters-row-v-0 style-899 style-local-2430-c3 position-relative\">\n        <!---->\n        <div class=\"h-row justify-content-lg-center justify-content-md-center justify-content-center align-items-lg-stretch align-items-md-stretch align-items-stretch gutters-col-lg-0 gutters-col-md-0 gutters-col-0 gutters-col-v-lg-0 gutters-col-v-md-0 gutters-col-v-0\">\n          <!---->\n          <div class=\"h-column h-column-container d-flex h-col-lg-auto h-col-md-auto h-col-auto style-900-outer style-local-2430-c4-outer\">\n            <div data-colibri-id=\"2430-c4\" class=\"d-flex h-flex-basis h-column__inner h-px-lg-0 h-px-md-0 h-px-0 v-inner-lg-0 v-inner-md-0 v-inner-0 style-900 style-local-2430-c4 position-relative\">\n              <!---->\n              <!---->\n              <div class=\"w-100 h-y-container h-column__content h-column__v-align flex-basis-100 align-self-lg-start align-self-md-start align-self-start\">\n                <!---->\n                <div data-colibri-id=\"2430-c5\" class=\"h-row-container gutters-row-lg-2 gutters-row-md-2 gutters-row-2 gutters-row-v-lg-2 gutters-row-v-md-2 gutters-row-v-2 colibri-dynamic-list style-901 style-local-2430-c5 position-relative\">\n                  <!---->\n                  <div data-colibri-component=\"\" class=\"h-row justify-content-lg-start justify-content-md-start justify-content-start align-items-lg-stretch align-items-md-stretch align-items-stretch gutters-col-lg-2 gutters-col-md-2 gutters-col-2 gutters-col-v-lg-2 gutters-col-v-md-2 gutters-col-v-2 style-901-row style-local-2430-c5-row\">\n                    <!---->\n        <div    class=\"h-column h-column-container d-flex h-col-lg-12 h-col-md-6 h-col-12 post-26 post type-post status-publish format-standard hentry masonry-item style-902-outer style-local-2430-c6-outer\"  ><div   data-colibri-id=\"2430-c6\" class=\"d-flex h-flex-basis h-column__inner h-px-lg-2 h-px-md-2 h-px-2 v-inner-lg-2 v-inner-md-2 v-inner-2 style-902 style-local-2430-c6 position-relative\"><!&#8212;-><!&#8212;-> <div  class=\"w-100 h-y-container h-column__content h-column__v-align flex-basis-100 align-self-lg-start align-self-md-start align-self-start\"><!&#8212;-> <div    data-colibri-id=\"2430-c17\" class=\"h-x-container style-1131 style-local-2430-c17 position-relative h-element\"  ><!&#8212;-><div   class=\"h-x-container-inner style-dynamic-2430-c17-group style-1131-spacing style-local-2430-c17-spacing\"><span  class=\"h-button__outer style-1132-outer style-local-2430-c18-outer d-inline-flex h-element\"    ><a h-use-smooth-scroll=\"true\" href=\"http:\/\/www.cartoneraupi.com\/?page_id=3227\"  data-colibri-id=\"2430-c18\" class=\"d-flex w-100 align-items-center h-button justify-content-lg-center justify-content-md-center justify-content-center style-1132 style-local-2430-c18 position-relative\"><!&#8212;-><span  class=\"h-svg-icon h-button__icon style-1132-icon style-local-2430-c18-icon\"><!&#8211;Icon by Font Awesome (https:\/\/fontawesome.com)&#8211;><svg version=\"1.1\" xmlns=\"http:\/\/www.w3.org\/2000\/svg\" xmlns:xlink=\"http:\/\/www.w3.org\/1999\/xlink\" id=\"arrow-left\" viewBox=\"0 0 1536 1896.0833\"><path d=\"M1536 896v128q0 53-32.5 90.5T1419 1152H715l293 294q38 36 38 90t-38 90l-75 76q-37 37-90 37-52 0-91-37l-651-652q-37-37-37-90 0-52 37-91l651-650q38-38 91-38 52 0 90 38l75 74q38 38 38 91t-38 91L715 768h704q52 0 84.5 37.5T1536 896z\"><\/path><\/svg><\/span> <span>Volver atras<\/span><\/a><\/span><\/div><\/div><div   data-href=\"http:\/\/www.cartoneraupi.com\/?p=26\" data-colibri-component=\"link\"  data-colibri-id=\"2430-c7\" class=\"colibri-post-thumbnail colibri-post-has-no-thumbnail colibri-post-thumbnail-has-placeholder style-903 style-local-2430-c7 h-overflow-hidden position-relative h-element\"  ><!&#8212;-><div   class=\"h-global-transition-all colibri-post-thumbnail-shortcode style-dynamic-2430-c7-height\"><\/div> <div  class=\"colibri-post-thumbnail-content align-items-lg-center align-items-md-center align-items-center flex-basis-100\"><div  class=\"w-100 h-y-container\"><!&#8212;-> <div   data-colibri-id=\"2430-c8\" class=\"d-block style-916 style-local-2430-c8 position-relative h-element\"  ><!&#8212;-><div class=\"h-image__frame-container-outer\"><a  href=\"http:\/\/www.cartoneraupi.com\" h-use-smooth-scroll=\"true\" class=\"image-link\"><div  class=\"h-image__frame-container\"><!&#8212;-><!&#8212;-> <img src=\"http:\/\/www.cartoneraupi.com\/wp-content\/uploads\/2021\/10\/cropped-cropped-cropped-1568732963436-1.png\"  class=\"wp-image-282 style-916-image style-local-2430-c8-image\"> <div  class=\"h-image__frame h-hide-lg h-hide-md h-hide-sm style-916-frameImage style-local-2430-c8-frameImage\"><\/div><\/div><\/a><\/div><\/div><\/div><\/div><\/div><div   data-colibri-id=\"2430-c9\" class=\"h-row-container gutters-row-lg-0 gutters-row-md-0 gutters-row-0 gutters-row-v-lg-0 gutters-row-v-md-0 gutters-row-v-0 style-904 style-local-2430-c9 position-relative\"  ><!&#8212;-><div class=\"h-row justify-content-lg-center justify-content-md-center justify-content-center align-items-lg-stretch align-items-md-stretch align-items-stretch gutters-col-lg-0 gutters-col-md-0 gutters-col-0 gutters-col-v-lg-0 gutters-col-v-md-0 gutters-col-v-0\"><!&#8212;-> <div   class=\"h-column h-column-container d-flex h-col-lg h-col-md h-col-auto style-905-outer style-local-2430-c10-outer\"  ><div  data-colibri-id=\"2430-c10\" class=\"d-flex h-flex-basis h-column__inner h-px-lg-3 h-px-md-3 h-px-3 v-inner-lg-3 v-inner-md-3 v-inner-3 style-905 style-local-2430-c10 position-relative\"><!&#8212;-><!&#8212;-> <div class=\"w-100 h-y-container h-column__content h-column__v-align flex-basis-100 align-self-lg-start align-self-md-start align-self-start\"><!&#8212;-> <div   data-colibri-id=\"2430-c11\" class=\"h-text h-text-component style-917 style-local-2430-c11 position-relative h-element\"  ><!&#8212;-><!&#8212;-> <div class=\"\"><p><br><\/p><p><span style=\"font-size: 11pt;\">\"Con la finalidad de asegurar la satisfacci\u00f3n de nuestros clientes y agilizar el proceso de devoluci\u00f3n de mercanc\u00edas, se detallan a continuaci\u00f3n los pasos para registrar una reclamaci\u00f3n y\/o solicitar la devoluci\u00f3n de productos\u201d.<\/span><\/p><p><span style=\"font-size: 11pt; font-family: Arial, sans-serif;\">1.&nbsp;&nbsp;&nbsp;&nbsp;<\/span><span style=\"font-size: 11pt; font-family: Arial, sans-serif; color: black;\">El cliente debe verificar al momento de recibir la mercanc\u00eda, que la cantidad despachada corresponda a lo facturado.&nbsp;En caso de discrepancias, debe notificar inmediatamente al Chofer que entrega o al personal de Despacho, para fines de solucionar las diferencias detectadas. El cliente debe indicar en la factura o conduce la cantidad de la diferencia encontrada.<\/span><\/p><p><span style=\"font-size: 11pt; font-family: Arial, sans-serif;\">2.&nbsp;&nbsp;&nbsp;&nbsp;<\/span><span style=\"font-size: 11pt; font-family: Arial, sans-serif; color: black;\">El cliente debe verificar al momento de la recepci\u00f3n que las mercanc\u00edas no est\u00e9n sucias ni maltratadas. No se aceptar\u00e1n devoluciones de mercanc\u00edas que est\u00e9n sucias o maltratadas. Una vez haber sido recibidas por el cliente. <\/span><\/p><p><span style=\"font-size: 11pt; font-family: Arial, sans-serif;\">3.&nbsp;&nbsp;&nbsp;&nbsp;<\/span><span style=\"font-size: 11pt; font-family: Arial, sans-serif; color: black;\">En caso que el cliente tenga alg\u00fan inconveniente que le impida la recepci\u00f3n de la mercanc\u00eda en la fecha de entrega establecida (falta de espacio, inventario, recepci\u00f3n de otros productos, etc.) debe notificar previamente al Ejecutivo de Ventas, de manera que se eviten contratiempos y gastos de fletes innecesarios.<\/span><\/p><p><span style=\"font-size: 11pt; font-family: Arial, sans-serif;\">4.&nbsp;&nbsp;&nbsp;&nbsp;<\/span><span style=\"font-size: 11pt; font-family: Arial, sans-serif; color: black;\">En caso de devoluciones por errores de documentaci\u00f3n o fechas de entrega, el cliente debe devolver el producto en las mismas condiciones que fueron entregadas, tanto de empaque como&nbsp;f\u00edsicas.<\/span><\/p><p><span style=\"font-size: 11pt; font-family: Arial, sans-serif;\">5.&nbsp;&nbsp;&nbsp;&nbsp;<\/span><span style=\"font-size: 11pt; font-family: Arial, sans-serif; color: black;\">Toda devoluci\u00f3n debe ser notificada a nuestro Gerente de Ventas para verificar si procede o no la devoluci\u00f3n y gestionar la recepci\u00f3n de la misma.<\/span><\/p><p><span style=\"font-size: 11pt; font-family: Arial, sans-serif;\">6.&nbsp;&nbsp;&nbsp;&nbsp;<\/span><span style=\"font-size: 11pt; font-family: Arial, sans-serif; color: black;\">Toda devoluci\u00f3n o reclamo deber\u00e1 venir acompa\u00f1ada del \u201cAcuse de Recibo de Devoluciones\u201d debidamente firmado y sellado dirigido al Departamento de Aseguramiento de la Calidad con explicaci\u00f3n del motivo de la devoluci\u00f3n o reclamaci\u00f3n, incluyendo las cantidades reclamadas devueltas.<\/span><\/p><p><span style=\"font-size: 11pt; font-family: Arial, sans-serif;\">7.&nbsp;&nbsp;&nbsp;&nbsp;<\/span><span style=\"font-size: 11pt; font-family: Arial, sans-serif; color: black;\">El tiempo m\u00e1ximo para recibir devoluciones por No Conformidades de Calidad, es de sesenta (60) d\u00edas posteriores a la fecha de entrega del producto. <\/span><\/p><p><span style=\"font-size: 11pt; font-family: Arial, sans-serif;\">8.&nbsp;&nbsp;&nbsp;&nbsp;<\/span><span style=\"font-size: 11pt; font-family: Arial, sans-serif; color: black;\">En caso necesario, el Departamento de Aseguramiento de la Calidad, podr\u00e1 incluir visitas a las instalaciones del cliente, para determinar la causa ra\u00edz de la devoluci\u00f3n.<\/span><\/p><p><span style=\"font-size: 11pt; font-family: Arial, sans-serif;\">&nbsp;<\/span><\/p><p><span style=\"font-size: 11pt; font-family: Arial, sans-serif;\">9.&nbsp;&nbsp;&nbsp;&nbsp;<\/span><span style=\"font-size: 11pt; font-family: Arial, sans-serif; color: black;\">S\u00f3lo se recibir\u00e1n devoluciones dos (2) d\u00edas h\u00e1biles antes del cierre.<\/span><\/p><p><span style=\"font-size: 11pt; font-family: Arial, sans-serif;\">Considerando que en el proceso de empaque y embalaje intervienen factores que escapan a nuestro control, nuestra responsabilidad es limitada al desempe\u00f1o de nuestras cajas, nos somos responsable de da\u00f1os consecuenciales derivado del proceso del uso de las cajas.<\/span><\/p><\/div><\/div><\/div><\/div><\/div><\/div><\/div><\/div><\/div><\/div>\n      \n      \n                    <\/div>\n                <\/div>\n              <\/div>\n            <\/div>\n          <\/div>\n        <\/div>\n      <\/div>\n    <\/div>\n  <\/div>\n<\/div>","protected":false},"excerpt":{"rendered":"<p>Pol\u00edticas de devolucion<\/p>\n","protected":false},"author":1,"featured_media":0,"parent":0,"menu_order":0,"comment_status":"closed","ping_status":"closed","template":"page-templates\/full-width-page.php","meta":{"_coblocks_attr":"","_coblocks_dimensions":"","_coblocks_responsive_height":"","_coblocks_accordion_ie_support":""},"_links":{"self":[{"href":"http:\/\/www.cartoneraupi.com\/index.php?rest_route=\/wp\/v2\/pages\/2430"}],"collection":[{"href":"http:\/\/www.cartoneraupi.com\/index.php?rest_route=\/wp\/v2\/pages"}],"about":[{"href":"http:\/\/www.cartoneraupi.com\/index.php?rest_route=\/wp\/v2\/types\/page"}],"author":[{"embeddable":true,"href":"http:\/\/www.cartoneraupi.com\/index.php?rest_route=\/wp\/v2\/users\/1"}],"replies":[{"embeddable":true,"href":"http:\/\/www.cartoneraupi.com\/index.php?rest_route=%2Fwp%2Fv2%2Fcomments&post=2430"}],"version-history":[{"count":7,"href":"http:\/\/www.cartoneraupi.com\/index.php?rest_route=\/wp\/v2\/pages\/2430\/revisions"}],"predecessor-version":[{"id":3503,"href":"http:\/\/www.cartoneraupi.com\/index.php?rest_route=\/wp\/v2\/pages\/2430\/revisions\/3503"}],"wp:attachment":[{"href":"http:\/\/www.cartoneraupi.com\/index.php?rest_route=%2Fwp%2Fv2%2Fmedia&parent=2430"}],"curies":[{"name":"wp","href":"https:\/\/api.w.org\/{rel}","templated":true}]}}